(x) = -22*x**2 - 2*x. Let b be p(-2). Let m = 85 + b. Let g(z) = -21*z**2 + 1. Calculate g(m).
-20
Let g(a) = -a**3 - 3*a**2 - 5*a - 4. Suppose 4*u + 15 = -3*h - 3, -h - 3*u = 11. What is g(h)?
2
Let f(h) = -6*h - 9. Let d = 53 + -58. Let c(p) = p + 1. Let i(l) = d*c(l) - f(l). Determine i(-5).
-1
Let z(q) = q**3 - 6*q**2 - 6*q - 7. Let x be ((-2)/(-5))/(10/900). Let l be (-1)/(-2*(-2)/x). Let c = l - -16. Determine z(c).
0
Let m(j) = -3*j**2 + 3*j - 2. Let x be 5/1*2 + -9. What is m(x)?
-2
Let z(l) = 11*l**2 + l + 2. Let j be (164/20 - 8)*-5. Give z(j).
12
Let o(c) = -c**2 + 9*c + 3. Let q be o(9). Let m = q + 0. Suppose -v + 8 = m. Let d(t) = t + 2. What is d(v)?
7
Let v(t) = 6*t + 1110 + t - 1093 + t. Calculate v(-7).
-39
Suppose -2*n - 62 = -4*n. Let o(w) = 34*w - n*w - 16*w. What is o(1)?
-13
Let x = 114 - 120. Let i be (30/9)/((-2)/x). Let j(v) = v**2 - 9*v - 5. Give j(i).
5
Let v(w) = -3*w - 6. Suppose 0 = -5*i - o - 30, 3*i + 2*o = i - 20. Let r be v(i). Let k = 7 - r. Let f(t) = -4*t**2 - 3*t. What is f(k)?
-10
Let t = 9 + -6. Suppose -4*q = z + 18, -4*z = -t*z + 2*q + 8. Suppose -z*r + 5*w = -5*r - 7, 3*w + 5 = -2*r. Let y(v) = v**2 + 4*v + 1. What is y(r)?
1
Let r(c) be the first derivative of c**3/3 + c**2 - 4*c + 1. Suppose j - 59 = 4*s, 3*s = -4 - 5. Let b = j - 51. Calculate r(b).
4
Let y = -23 - -26. Suppose 0 = y*v - 0*v + 3. Let i(a) = -3*a**3 + a**2 + 2*a + 1. What is i(v)?
3
Let f(k) = 50*k - 12. Let t be f(3). Let o = t - 131. Let h(a) = 0*a**2 - a**2 + 5*a + 14 - 5. Determine h(o).
-5
Let h = -257 + 255. Let b(j) = j**3 - 4*j**2 - 6*j - 4. What is b(h)?
-16
Suppose -3*p - d + 54 = -5*d, -31 = -2*p + d. Let l = -15 + p. Let s(y) = -5*y**2 - y - 3*y**2 + 5*y**2 - 3*y**2. Determine s(l).
-5
Let q(d) be the third derivative of -d**4/24 - 10*d**3/3 + 21*d**2. Calculate q(-12).
-8
Let y(b) = -6*b**2 - 3*b + 4. Let s(r) = 13*r**2 + 7*r - 9. Let w(f) = -3*s(f) - 7*y(f). What is w(1)?
2
Let a(m) = -1. Let b(r) = r**3 + 17*r**2 + 14*r - 36. Let f(g) = -6*a(g) + b(g). Calculate f(-16).
2
Let u(t) be the first derivative of -2*t**3 - 11*t**2/2 - 9*t - 2. Let s(y) = -y**2 - y - 1. Let g(l) = 5*s(l) - u(l). Let z = 3 + -7. Give g(z).
-4
Suppose -g - 4*m + 16 = 0, -3*m = g + 2*g - 66. Suppose -2*c - 2*c = g. Let q(v) = -v**2 - 6*v - 6. Give q(c).
-6
Let t(y) = -401 + 400 - 7*y**2 + 3*y - 7*y**2 + 7*y**2. Determine t(1).
-5
Let t(d) = d**3 - 7*d**2 + 2*d + 2. Let w(x) = -x**3 - 6*x**2 - 2*x - 5. Let g be w(-6). What is t(g)?
16
Let b(h) = -1 - 7*h - 5 + 9*h - 5*h. Let c(s) = -3*s - 5. Let i(x) = 6*b(x) - 7*c(x). Calculate i(-1).
-4
Let g(l) be the second derivative of 0 + 15/2*l**2 + 5*l - 1/6*l**3. Determine g(8).
7
Let r(p) = 5*p**3 + 1. Suppose 0 = 5*x + 4 - 54. Let k be -2 - x/(-14) - (-4)/14. What is r(k)?
-4
Let o(p) = -p - 1. Suppose -8 = -4*g, 4*r = -2*g + 5*g - 2. Give o(r).
-2
Let w(q) be the first derivative of q**2/2 - 3*q + 1. Let i = -222 - -222. Suppose -15 = -i*y + 5*y. What is w(y)?
-6
Let w(i) = 6*i + 11. Let a(q) = -5*q - 11. Let x(v) = -5*a(v) - 4*w(v). Suppose -2*k = -39 - 33. Let y = 30 - k. Give x(y).
5
Let u(o) = -3*o**3 + 24*o**2 - 9*o + 16. Let y(s) = 7*s**3 - 51*s**2 + 19*s - 34. Let v(w) = -13*u(w) - 6*y(w). Give v(-3).
14
Let l(k) = -k**2 - k - 8. Let x(i) = -4*i**2 + i - 12. Let f(r) = 3*r**2 + 11. Let c(b) = 3*f(b) + 2*x(b). Let p(n) = -5*c(n) - 6*l(n). Calculate p(5).
8
Let g(c) = 13 - 4 + 10*c - 4*c**2 - 5*c**3 + c**3 + 3*c**3. Determine g(-6).
21
Let t(q) = -q**3 - 29*q**3 - 384*q**2 - 387*q**2 + 770*q**2. Let y = -3 + 2. Determine t(y).
29
Let j(s) = -2 + 2*s - 9*s + 24 - 2. Determine j(4).
-8
Let y be ((-40)/8)/(-20) + 30/8. Let k(g) = 5*g + g**2 - y + 0*g - 4*g + 0*g. Determine k(0).
-4
Let d(b) be the first derivative of b**4/4 + 2*b**3/3 + b + 48. Determine d(-3).
-8
Let r(n) = -n**2 + n - 2. Let g be 0 + (3 + 0)*6. Suppose z + 14 - g = 0. Suppose 5*i + 6 = -z. Calculate r(i).
-8
Let x(w) be the first derivative of -w**4/4 - 4*w**3/3 + w**2 + 4*w - 27. Let v(l) = 8*l + 11. Let z be v(-2). What is x(z)?
19
Let k(s) = -s**3 + 4*s**2 + 21*s - 6. Let f(x) = -2*x**3 + 8*x**2 + 45*x - 12. Let o(y) = 6*f(y) - 13*k(y). Calculate o(5).
16
Suppose 0 = -r - 3, 5*r - 6 + 1 = -4*p. Suppose 0 = j + 3*s - 15, -p*s = -0*j + 2*j - 26. Let c(z) = -z. Determine c(j).
-3
Let j be (-4 - -7)/(2/(-6)). Let t(m) be the second derivative of m**5/20 + 2*m**4/3 - 5*m**3/3 - 9*m**2/2 - 4*m. What is t(j)?
0
Let r(v) = -v + 0*v - 2*v. Suppose 6*n - 3*n = -12. Let t be 1*n*(-7)/(-14). What is r(t)?
6
Suppose 0 = -289*d + 301*d. Let y(r) be the second derivative of 2/3*r**3 + 6*r - 1/2*r**2 + d. Give y(2).
7
Let u(h) = 6*h + 4. Suppose -17*f - 15 = -22*f. Let y(k) = -k**3 + k**2 + 6*k - 5. Let p be y(f). Give u(p).
-26
Let a(b) = -7*b - 17. Let n(t) = -8*t - 18. Let w(g) = -7*a(g) + 6*n(g). Let x be w(-4). Let u(s) = -s + 6 + 2*s - x + 3. Determine u(-4).
-2
Let f be (8/(-20))/(1/(-15)). Let x(t) be the first derivative of -t**2 + 4*t - 59. Give x(f).
-8
Let d(s) be the first derivative of -3*s - 1/2*s**2 + 9. What is d(0)?
-3
Let d(o) be the second derivative of o**4/12 + 3*o**3/2 + 7*o**2/2 - 30*o. Determine d(-8).
-1
Let n(v) = v**2 - v - 2. Let k(z) = 7*z**2 + 7*z + 12. Let b(f) = -k(f) - 5*n(f). Give b(-1).
-12
Let j be 5/(75/(-12))*5. Suppose 0 = -3*n - 5 + 17. Let c(k) = -2 - k - n*k + 4*k - 6. Calculate c(j).
-4
Let s(y) = -y. Let q be (-18)/3 + (-15)/3. Let i(z) = 3*z + 1. Let v(t) = q*s(t) - 4*i(t). What is v(-5)?
1
Let d(i) = -i**2 + 10*i + 18. Let h be d(9). Let b(y) = 9 - y + 12*y**2 + y**3 - h*y**2 + 16*y**2. Give b(0).
9
Let z(y) = 2*y - 50. Let w be (-2 - (-35 + -2)) + 89 + -96. Give z(w).
6
Let i(g) = -g - 11. Let s(r) = 5*r + 42. Let l(y) = -9*i(y) - 2*s(y). Calculate l(9).
6
Let f(h) = -7*h. Suppose -y + 2*i + 12 = -40, 2*y + i - 109 = 0. Let j be (-42)/y + (0 - 2/9). Determine f(j).
7
Let o be (-6)/(-21) + (-82)/(-7). Let p be o/(-9) + (-2)/3. Let s(k) = 83*k**2 - 41*k**2 - 43*k**2. Determine s(p).
-4
Let w(u) = -u**3 - 2*u**2 + 2. Let h be w(-2). Let i = h - -12. Let p be 74/i - (-26)/(-91). Let o(a) = a**3 - 6*a**2 + 2*a + 6. Calculate o(p).
-9
Let q(v) be the second derivative of -v**4/24 + v**3 + 8*v**2 - 28*v. Let i(c) be the first derivative of q(c). Let l = -13 + 18. Determine i(l).
1
Let j(r) = r - 3*r**2 + 4 + 0*r + r**3 + 0*r**3. Let v(n) = 22*n + 3. Let i be v(0). Give j(i).
7
Let q(y) = -67*y - y**2 + 59*y - 31 + 40. What is q(-7)?
16
Let k(m) = m**3 - m**2 + m - 1. Let q(x) = 7*x**3 + 4*x - 6. Let d(i) = -6*k(i) + q(i). Give d(-7).
-35
Let l(q) = q**2 - 2*q + 12. Let i be l(6). Let w be i/8 - 12/8. Let c(g) = 3 + g**3 - 3*g**2 + g**2 + 0*g**2 - 2*g. Determine c(w).
6
Suppose -3*r = -29 - 58. Suppose 1 = 3*v + 2*k - r, 5*v - 48 = -4*k. Suppose -7*o + v = -3*o. Let z(u) = -u - 2. What is z(o)?
-5
Let s(m) = 6*m**2 - m. Suppose 42*v - 49*v = -28. Suppose 0 = -v*g - 12 + 16. What is s(g)?
5
Let l(y) = 13*y - 1. Let p be 97/11 - (-2)/11. Suppose 4*j = -p + 5. What is l(j)?
-14
Let j(b) = 4*b**2 - 3*b + 5. Let w = -10 + 14. Let g(c) = -c**3 - 9*c**2 + 7*c - 11. Let p(n) = w*g(n) + 9*j(n). Give p(-1).
4
Let m(l) = 2*l - 12. Let c(u) = 4*u - 23. Let b(d) = 6*c(d) - 11*m(d). What is b(5)?
4
Let w(y) be the second derivative of y**5/10 - y**2/2 + 189*y. Calculate w(2).
15
Let y(r) = 0 + 0*r - r + 2. Suppose 88*l - 93*l = -f - 7, -2*f - l - 3 = 0. Give y(f).
4
Let d(t) be the first derivative of t**4/4 - 4*t**3/3 + 2*t**2 - 3*t + 406. Determine d(3).
0
Let c(a) = a**3 - 3*a**2 - 7*a - 16. Let r be c(5). Let m(y) = -5*y**3 - y**2. What is m(r)?
4
Let z(j) = j**3 - j**2. Let o(g) = 5*g**3 - 4*g**2 - g - 11. Let w(q) = o(q) - 4*z(q). Determine w(0).
-11
Let f(u) = -u**2 - 1. Let z be (-2)/(-12) + (-113)/(-6). Suppose -5 = -r, -c + 3*r - z = -7. Calculate f(c).
-10
Suppose 22*c + 20 = 24*c. Suppose 2*h + 2 = -c. Let l(q) = -q**3 - 7*q**2 - 8*q - 4. Calculate l(h).
8
Suppose 5*a + 40 = 4*t + t, 0 = 3*t + 4*a + 11. Suppose u - t*p - 15 = 0, 2*u + 5*p = p. Let l(x) = -x**3 + 7*x**2 - 8*x - 1. What is l(u)?
-13
Suppose 3*h - 4*j - 25 + 21 = 0, 0 = -3*h - 3*j - 24. Let i = -2 + 4. Let q(g) = 3*g**2 - 4*g - 2*g - 5*g**i. What is q(h)?
-8
Let m(w) = -1157*w + 573*w + 579*w + 1. Calculate m(-2).
11
Suppose 19 - 35 =